{"id":2984,"date":"2022-04-12T09:21:35","date_gmt":"2022-04-12T09:21:35","guid":{"rendered":"https:\/\/www.fundacioncanal.com\/tienda\/?post_type=product&#038;p=2984"},"modified":"2022-04-12T09:25:12","modified_gmt":"2022-04-12T09:25:12","slug":"identificacion-de-tecnologias-y-soluciones-innovadoras-de-adaptacion-al-cambio-climatico","status":"publish","type":"product","link":"https:\/\/www.fundacioncanal.com\/tienda\/producto\/identificacion-de-tecnologias-y-soluciones-innovadoras-de-adaptacion-al-cambio-climatico\/","title":{"rendered":"Identificaci\u00f3n de tecnolog\u00edas y soluciones innovadoras de adaptaci\u00f3n al cambio clim\u00e1tico"},"content":{"rendered":"","protected":false},"excerpt":{"rendered":"<p>Estudio elaborado por la Fundaci\u00f3n Eurecat para la Fundaci\u00f3n Canal, con la colaboraci\u00f3n del Canal de Isabel II. En este documento se se\u00f1alan m\u00e1s de 120 estrategias y soluciones espec\u00edficas de adaptaci\u00f3n en sectores tan diferentes como el agua, la agricultura, el urbanismo y la edificaci\u00f3n, la salud y los sistemas de alerta temprana.<\/p>\n","protected":false},"featured_media":2978,"template":"","meta":{"_acf_changed":false,"inline_featured_image":false,"wds_primary_product_brand":0,"wds_primary_product_cat":0,"_links_to":"","_links_to_target":""},"product_brand":[],"product_cat":[66,65],"product_tag":[],"class_list":{"0":"post-2984","1":"product","2":"type-product","3":"status-publish","4":"has-post-thumbnail","6":"product_cat-cientifico-divulgativas","7":"product_cat-publicaciones","9":"first","10":"instock","11":"downloadable","12":"taxable","13":"shipping-taxable","14":"product-type-simple"},"acf":[],"_links":{"self":[{"href":"https:\/\/www.fundacioncanal.com\/tienda\/wp-json\/wp\/v2\/product\/2984","targetHints":{"allow":["GET"]}}],"collection":[{"href":"https:\/\/www.fundacioncanal.com\/tienda\/wp-json\/wp\/v2\/product"}],"about":[{"href":"https:\/\/www.fundacioncanal.com\/tienda\/wp-json\/wp\/v2\/types\/product"}],"wp:featuredmedia":[{"embeddable":true,"href":"https:\/\/www.fundacioncanal.com\/tienda\/wp-json\/wp\/v2\/media\/2978"}],"wp:attachment":[{"href":"https:\/\/www.fundacioncanal.com\/tienda\/wp-json\/wp\/v2\/media?parent=2984"}],"wp:term":[{"taxonomy":"product_brand","embeddable":true,"href":"https:\/\/www.fundacioncanal.com\/tienda\/wp-json\/wp\/v2\/product_brand?post=2984"},{"taxonomy":"product_cat","embeddable":true,"href":"https:\/\/www.fundacioncanal.com\/tienda\/wp-json\/wp\/v2\/product_cat?post=2984"},{"taxonomy":"product_tag","embeddable":true,"href":"https:\/\/www.fundacioncanal.com\/tienda\/wp-json\/wp\/v2\/product_tag?post=2984"}],"curies":[{"name":"wp","href":"https:\/\/api.w.org\/{rel}","templated":true}]}}