{"id":2674,"date":"2021-03-22T12:26:53","date_gmt":"2021-03-22T12:26:53","guid":{"rendered":"https:\/\/www.fundacioncanal.com\/tienda\/?post_type=product&#038;p=2674"},"modified":"2024-07-23T06:29:30","modified_gmt":"2024-07-23T06:29:30","slug":"cuaderno-de-aplicaciones-de-la-inteligencia-artificial-en-el-sector-del-agua","status":"publish","type":"product","link":"https:\/\/www.fundacioncanal.com\/tienda\/producto\/cuaderno-de-aplicaciones-de-la-inteligencia-artificial-en-el-sector-del-agua\/","title":{"rendered":"Cuaderno de aplicaciones de la inteligencia artificial en el sector del agua"},"content":{"rendered":"","protected":false},"excerpt":{"rendered":"<p>Este proyecto realizado con la colaboraci\u00f3n de Canal de Isabel II, identifica 20 iniciativas relevantes el \u00e1mbito de la IA en m\u00faltiples vertientes del ciclo integral del agua. El estudio muestra, entre otras, las aplicaciones de la IA y el aprendizaje autom\u00e1tico (<i>machine learning<\/i>) en la gesti\u00f3n del ciclo integral del agua, la modelizaci\u00f3n del clima y la salvaguarda del medio natural.<\/p>\n","protected":false},"featured_media":2686,"template":"","meta":{"_acf_changed":false,"inline_featured_image":false,"wds_primary_product_brand":0,"wds_primary_product_cat":0,"_links_to":"","_links_to_target":""},"product_brand":[],"product_cat":[66,65],"product_tag":[],"class_list":{"0":"post-2674","1":"product","2":"type-product","3":"status-publish","4":"has-post-thumbnail","6":"product_cat-cientifico-divulgativas","7":"product_cat-publicaciones","9":"first","10":"instock","11":"downloadable","12":"virtual","13":"taxable","14":"purchasable","15":"product-type-simple"},"acf":[],"_links":{"self":[{"href":"https:\/\/www.fundacioncanal.com\/tienda\/wp-json\/wp\/v2\/product\/2674","targetHints":{"allow":["GET"]}}],"collection":[{"href":"https:\/\/www.fundacioncanal.com\/tienda\/wp-json\/wp\/v2\/product"}],"about":[{"href":"https:\/\/www.fundacioncanal.com\/tienda\/wp-json\/wp\/v2\/types\/product"}],"wp:featuredmedia":[{"embeddable":true,"href":"https:\/\/www.fundacioncanal.com\/tienda\/wp-json\/wp\/v2\/media\/2686"}],"wp:attachment":[{"href":"https:\/\/www.fundacioncanal.com\/tienda\/wp-json\/wp\/v2\/media?parent=2674"}],"wp:term":[{"taxonomy":"product_brand","embeddable":true,"href":"https:\/\/www.fundacioncanal.com\/tienda\/wp-json\/wp\/v2\/product_brand?post=2674"},{"taxonomy":"product_cat","embeddable":true,"href":"https:\/\/www.fundacioncanal.com\/tienda\/wp-json\/wp\/v2\/product_cat?post=2674"},{"taxonomy":"product_tag","embeddable":true,"href":"https:\/\/www.fundacioncanal.com\/tienda\/wp-json\/wp\/v2\/product_tag?post=2674"}],"curies":[{"name":"wp","href":"https:\/\/api.w.org\/{rel}","templated":true}]}}