{"id":1694,"date":"2020-06-23T10:31:10","date_gmt":"2020-06-23T10:31:10","guid":{"rendered":"http:\/\/www.fundacioncanal.com\/tienda\/?post_type=product&#038;p=1694"},"modified":"2024-07-23T06:34:14","modified_gmt":"2024-07-23T06:34:14","slug":"la-fuerza-del-agua","status":"publish","type":"product","link":"https:\/\/www.fundacioncanal.com\/tienda\/producto\/la-fuerza-del-agua\/","title":{"rendered":"La fuerza del agua"},"content":{"rendered":"","protected":false},"excerpt":{"rendered":"<p>A trav\u00e9s de esta divertida publicaci\u00f3n, dirigida a ni\u00f1os de entre 7 y 12 a\u00f1os,\u00a0 \u00a0los m\u00e1s peque\u00f1os tomar\u00e1n conciencia sobre la importancia del agua, su escasez y vulnerabilidad.<\/p>\n<p><strong>Madrid, 2014.<\/strong>\u00a0Edita Fundaci\u00f3n Canal<\/p>\n","protected":false},"featured_media":1695,"template":"","meta":{"_acf_changed":false,"inline_featured_image":false,"wds_primary_product_brand":0,"wds_primary_product_cat":0,"_links_to":"","_links_to_target":""},"product_brand":[],"product_cat":[67,65],"product_tag":[],"class_list":{"0":"post-1694","1":"product","2":"type-product","3":"status-publish","4":"has-post-thumbnail","6":"product_cat-otras-publicaciones","7":"product_cat-publicaciones","9":"first","10":"instock","11":"downloadable","12":"virtual","13":"taxable","14":"purchasable","15":"product-type-simple"},"acf":[],"_links":{"self":[{"href":"https:\/\/www.fundacioncanal.com\/tienda\/wp-json\/wp\/v2\/product\/1694","targetHints":{"allow":["GET"]}}],"collection":[{"href":"https:\/\/www.fundacioncanal.com\/tienda\/wp-json\/wp\/v2\/product"}],"about":[{"href":"https:\/\/www.fundacioncanal.com\/tienda\/wp-json\/wp\/v2\/types\/product"}],"wp:featuredmedia":[{"embeddable":true,"href":"https:\/\/www.fundacioncanal.com\/tienda\/wp-json\/wp\/v2\/media\/1695"}],"wp:attachment":[{"href":"https:\/\/www.fundacioncanal.com\/tienda\/wp-json\/wp\/v2\/media?parent=1694"}],"wp:term":[{"taxonomy":"product_brand","embeddable":true,"href":"https:\/\/www.fundacioncanal.com\/tienda\/wp-json\/wp\/v2\/product_brand?post=1694"},{"taxonomy":"product_cat","embeddable":true,"href":"https:\/\/www.fundacioncanal.com\/tienda\/wp-json\/wp\/v2\/product_cat?post=1694"},{"taxonomy":"product_tag","embeddable":true,"href":"https:\/\/www.fundacioncanal.com\/tienda\/wp-json\/wp\/v2\/product_tag?post=1694"}],"curies":[{"name":"wp","href":"https:\/\/api.w.org\/{rel}","templated":true}]}}