{"id":1630,"date":"2020-06-22T11:05:56","date_gmt":"2020-06-22T11:05:56","guid":{"rendered":"http:\/\/www.fundacioncanal.com\/tienda\/?post_type=product&#038;p=1630"},"modified":"2020-06-23T11:12:50","modified_gmt":"2020-06-23T11:12:50","slug":"historia-del-saneamiento-de-madrid","status":"publish","type":"product","link":"https:\/\/www.fundacioncanal.com\/tienda\/producto\/historia-del-saneamiento-de-madrid\/","title":{"rendered":"Historia del saneamiento de madrid"},"content":{"rendered":"","protected":false},"excerpt":{"rendered":"<p>El estudio analiza la evoluci\u00f3n hist\u00f3rica del saneamiento de la ciudad de Madrid, teniendo en cuenta las distintas soluciones t\u00e9cnicas y administrativas, sus repercusiones sobre la salud y el bienestar de los habitantes de la capital, as\u00ed como su impacto en la higiene y el medio ambiente urbano.<\/p>\n<p>Estudio realizado en colaboraci\u00f3n con la Universidad Aut\u00f3noma de Madrid.<\/p>\n<p><strong>Madrid, 2015.\u00a0<\/strong>Edita: Fundaci\u00f3n canal<\/p>\n","protected":false},"featured_media":1632,"template":"","meta":{"_acf_changed":false,"inline_featured_image":false,"wds_primary_product_brand":0,"wds_primary_product_cat":0,"_links_to":"","_links_to_target":""},"product_brand":[],"product_cat":[66],"product_tag":[],"class_list":{"0":"post-1630","1":"product","2":"type-product","3":"status-publish","4":"has-post-thumbnail","6":"product_cat-cientifico-divulgativas","8":"first","9":"instock","10":"downloadable","11":"virtual","12":"taxable","13":"purchasable","14":"product-type-simple"},"acf":[],"_links":{"self":[{"href":"https:\/\/www.fundacioncanal.com\/tienda\/wp-json\/wp\/v2\/product\/1630","targetHints":{"allow":["GET"]}}],"collection":[{"href":"https:\/\/www.fundacioncanal.com\/tienda\/wp-json\/wp\/v2\/product"}],"about":[{"href":"https:\/\/www.fundacioncanal.com\/tienda\/wp-json\/wp\/v2\/types\/product"}],"wp:featuredmedia":[{"embeddable":true,"href":"https:\/\/www.fundacioncanal.com\/tienda\/wp-json\/wp\/v2\/media\/1632"}],"wp:attachment":[{"href":"https:\/\/www.fundacioncanal.com\/tienda\/wp-json\/wp\/v2\/media?parent=1630"}],"wp:term":[{"taxonomy":"product_brand","embeddable":true,"href":"https:\/\/www.fundacioncanal.com\/tienda\/wp-json\/wp\/v2\/product_brand?post=1630"},{"taxonomy":"product_cat","embeddable":true,"href":"https:\/\/www.fundacioncanal.com\/tienda\/wp-json\/wp\/v2\/product_cat?post=1630"},{"taxonomy":"product_tag","embeddable":true,"href":"https:\/\/www.fundacioncanal.com\/tienda\/wp-json\/wp\/v2\/product_tag?post=1630"}],"curies":[{"name":"wp","href":"https:\/\/api.w.org\/{rel}","templated":true}]}}