{"id":1601,"date":"2020-06-19T12:32:05","date_gmt":"2020-06-19T12:32:05","guid":{"rendered":"http:\/\/www.fundacioncanal.com\/tienda\/?post_type=product&#038;p=1601"},"modified":"2024-07-23T06:37:05","modified_gmt":"2024-07-23T06:37:05","slug":"roma-spqr-senatus-populus-que-romanus-2","status":"publish","type":"product","link":"https:\/\/www.fundacioncanal.com\/tienda\/producto\/roma-spqr-senatus-populus-que-romanus-2\/","title":{"rendered":"Roma SPQR Senatus Populus Que Romanus"},"content":{"rendered":"","protected":false},"excerpt":{"rendered":"<p>500 obras de 33 museos espa\u00f1oles y extranjeros hacen un amplio recorrido por el imperio Romano. El cat\u00e1logo contiene el censo completo de todas las piezas presentes en la muestra, junto a las reflexiones de los Comisarios Cient\u00edfico (Isabel Rod\u00e1) y Art\u00edstico (Manuel Blanco), acerca de la exposici\u00f3n. Adem\u00e1s, contiene importantes art\u00edculos de los profesores Carlos Garc\u00eda Gual, Paul Zanker y Joan G\u00f3mez Pallar\u00e9s, que completan una amplia visi\u00f3n de la cultura romana.<\/p>\n<p><strong>Madrid, 2007.<\/strong>\u00a0Edita: Ediciones Aldeasa y Canal de Isabel II<\/p>\n","protected":false},"featured_media":1602,"template":"","meta":{"_acf_changed":false,"inline_featured_image":false,"wds_primary_product_brand":0,"wds_primary_product_cat":0,"_links_to":"","_links_to_target":""},"product_brand":[],"product_cat":[62,65],"product_tag":[],"class_list":{"0":"post-1601","1":"product","2":"type-product","3":"status-publish","4":"has-post-thumbnail","6":"product_cat-exposiciones","7":"product_cat-publicaciones","9":"first","10":"instock","11":"taxable","12":"shipping-taxable","13":"purchasable","14":"product-type-simple"},"acf":[],"_links":{"self":[{"href":"https:\/\/www.fundacioncanal.com\/tienda\/wp-json\/wp\/v2\/product\/1601","targetHints":{"allow":["GET"]}}],"collection":[{"href":"https:\/\/www.fundacioncanal.com\/tienda\/wp-json\/wp\/v2\/product"}],"about":[{"href":"https:\/\/www.fundacioncanal.com\/tienda\/wp-json\/wp\/v2\/types\/product"}],"wp:featuredmedia":[{"embeddable":true,"href":"https:\/\/www.fundacioncanal.com\/tienda\/wp-json\/wp\/v2\/media\/1602"}],"wp:attachment":[{"href":"https:\/\/www.fundacioncanal.com\/tienda\/wp-json\/wp\/v2\/media?parent=1601"}],"wp:term":[{"taxonomy":"product_brand","embeddable":true,"href":"https:\/\/www.fundacioncanal.com\/tienda\/wp-json\/wp\/v2\/product_brand?post=1601"},{"taxonomy":"product_cat","embeddable":true,"href":"https:\/\/www.fundacioncanal.com\/tienda\/wp-json\/wp\/v2\/product_cat?post=1601"},{"taxonomy":"product_tag","embeddable":true,"href":"https:\/\/www.fundacioncanal.com\/tienda\/wp-json\/wp\/v2\/product_tag?post=1601"}],"curies":[{"name":"wp","href":"https:\/\/api.w.org\/{rel}","templated":true}]}}