{"id":1597,"date":"2020-06-19T12:16:57","date_gmt":"2020-06-19T12:16:57","guid":{"rendered":"http:\/\/www.fundacioncanal.com\/tienda\/?post_type=product&#038;p=1597"},"modified":"2024-07-23T06:37:19","modified_gmt":"2024-07-23T06:37:19","slug":"jorge-oteiza-los-limites-de-la-transparencia","status":"publish","type":"product","link":"https:\/\/www.fundacioncanal.com\/tienda\/producto\/jorge-oteiza-los-limites-de-la-transparencia\/","title":{"rendered":"Jorge Oteiza: los l\u00edmites de la transparencia"},"content":{"rendered":"","protected":false},"excerpt":{"rendered":"<p>Cat\u00e1logo de la exposici\u00f3n que ilustra los a\u00f1os m\u00e1s importantes de la producci\u00f3n escult\u00f3rica de Oteiza, desde sus primeros experimentos con las geometr\u00edas esf\u00e9ricas, sus siguientes etapas con los cubos y los planos, para acabar con las cajas metaf\u00edsicas.<\/p>\n<p><strong>Madrid, 2010.<\/strong>\u00a0Edita: Fundaci\u00f3n Canal<\/p>\n","protected":false},"featured_media":1598,"template":"","meta":{"_acf_changed":false,"inline_featured_image":false,"wds_primary_product_brand":0,"wds_primary_product_cat":0,"_links_to":"","_links_to_target":""},"product_brand":[],"product_cat":[62,65],"product_tag":[],"class_list":{"0":"post-1597","1":"product","2":"type-product","3":"status-publish","4":"has-post-thumbnail","6":"product_cat-exposiciones","7":"product_cat-publicaciones","9":"first","10":"instock","11":"taxable","12":"shipping-taxable","13":"purchasable","14":"product-type-simple"},"acf":[],"_links":{"self":[{"href":"https:\/\/www.fundacioncanal.com\/tienda\/wp-json\/wp\/v2\/product\/1597","targetHints":{"allow":["GET"]}}],"collection":[{"href":"https:\/\/www.fundacioncanal.com\/tienda\/wp-json\/wp\/v2\/product"}],"about":[{"href":"https:\/\/www.fundacioncanal.com\/tienda\/wp-json\/wp\/v2\/types\/product"}],"wp:featuredmedia":[{"embeddable":true,"href":"https:\/\/www.fundacioncanal.com\/tienda\/wp-json\/wp\/v2\/media\/1598"}],"wp:attachment":[{"href":"https:\/\/www.fundacioncanal.com\/tienda\/wp-json\/wp\/v2\/media?parent=1597"}],"wp:term":[{"taxonomy":"product_brand","embeddable":true,"href":"https:\/\/www.fundacioncanal.com\/tienda\/wp-json\/wp\/v2\/product_brand?post=1597"},{"taxonomy":"product_cat","embeddable":true,"href":"https:\/\/www.fundacioncanal.com\/tienda\/wp-json\/wp\/v2\/product_cat?post=1597"},{"taxonomy":"product_tag","embeddable":true,"href":"https:\/\/www.fundacioncanal.com\/tienda\/wp-json\/wp\/v2\/product_tag?post=1597"}],"curies":[{"name":"wp","href":"https:\/\/api.w.org\/{rel}","templated":true}]}}